s of 3729024?
2, 3, 13, 83
List the prime factors of 34574036.
2, 7, 1234787
List the prime factors of 36596.
2, 7, 1307
List the prime factors of 508104.
2, 3, 7057
List the prime factors of 973230.
2, 3, 5, 32441
List the prime factors of 46598.
2, 23, 1013
List the prime factors of 1212946.
2, 7, 12377
List the prime factors of 3369582.
2, 3, 131, 1429
What are the prime factors of 1878348?
2, 3, 157, 997
What are the prime factors of 79260?
2, 3, 5, 1321
What are the prime factors of 40030?
2, 5, 4003
What are the prime factors of 1816481?
127, 14303
What are the prime factors of 907609?
73, 12433
List the prime factors of 5741460.
2, 3, 5, 167, 191
What are the prime factors of 2388648?
2, 3, 99527
List the prime factors of 588587.
379, 1553
List the prime factors of 4035438.
2, 3, 11, 89, 229
What are the prime factors of 1176875?
5, 7, 269
What are the prime factors of 741643?
7, 101, 1049
What are the prime factors of 181102?
2, 23, 31, 127
What are the prime factors of 352921?
139, 2539
What are the prime factors of 1310920?
2, 5, 13, 2521
What are the prime factors of 523689?
3, 227, 769
List the prime factors of 2812066.
2, 1406033
List the prime factors of 41725.
5, 1669
What are the prime factors of 6849758?
2, 3424879
List the prime factors of 7898996.
2, 7, 191, 211
What are the prime factors of 1124263?
7, 23, 6983
List the prime factors of 1226398.
2, 613199
List the prime factors of 25740933.
3, 23, 59, 6323
What are the prime factors of 64188?
2, 3, 1783
What are the prime factors of 1152325?
5, 46093
List the prime factors of 945739.
945739
List the prime factors of 6433704.
2, 3, 19, 4703
What are the prime factors of 869432?
2, 191, 569
What are the prime factors of 15427389?
3, 5142463
What are the prime factors of 683965?
5, 29, 53, 89
What are the prime factors of 16667314?
2, 8333657
What are the prime factors of 137775?
3, 5, 11, 167
What are the prime factors of 300966?
2, 3, 103, 487
What are the prime factors of 89430?
2, 3, 5, 11, 271
What are the prime factors of 14197098?
2, 3, 2366183
What are the prime factors of 241352?
2, 30169
List the prime factors of 1190538.
2, 3, 7349
What are the prime factors of 91879?
139, 661
What are the prime factors of 657494?
2, 547, 601
What are the prime factors of 441788?
2, 19, 5813
What are the prime factors of 502718?
2, 251359
List the prime factors of 1846280.
2, 5, 101, 457
List the prime factors of 422473.
241, 1753
What are the prime factors of 104405?
5, 7, 19, 157
What are the prime factors of 38075?
5, 1523
List the prime factors of 1940089.
271, 7159
List the prime factors of 9875684.
2, 7, 13, 2087
What are the prime factors of 22376741?
271, 82571
What are the prime factors of 82336?
2, 31, 83
What are the prime factors of 9281839?
7, 1325977
What are the prime factors of 1784802?
2, 3, 297467
What are the prime factors of 645207?
3, 431, 499
What are the prime factors of 1674835?
5, 131, 2557
List the prime factors of 8948884.
2, 7, 59, 5417
What are the prime factors of 824393?
824393
What are the prime factors of 16784985?
3, 5, 7, 159857
What are the prime factors of 24814683?
3, 2757187
What are the prime factors of 204180?
2, 3, 5, 41, 83
List the prime factors of 872365.
5, 13, 13421
What are the prime factors of 1122577?
19, 59083
List the prime factors of 27873479.
547, 50957
List the prime factors of 3897952.
2, 41, 2971
List the prime factors of 185981.
179, 1039
List the prime factors of 1623858.
2, 3, 241, 1123
List the prime factors of 80491.
80491
List the prime factors of 518932.
2, 129733
List the prime factors of 21070.
2, 5, 7, 43
List the prime factors of 712594.
2, 283, 1259
What are the prime factors of 191447?
191447
What are the prime factors of 14066704?
2, 879169
What are the prime factors of 4932562?
2, 331, 7451
What are the prime factors of 1111426?
2, 17, 97, 337
List the prime factors of 59021.
59021
What are the prime factors of 10997197?
23, 478139
What are the prime factors of 27931161?
3, 67, 79, 1759
What are the prime factors of 2052116?
2, 11, 46639
What are the prime factors of 1368438?
2, 3, 79, 2887
List the prime factors of 4584370.
2, 5, 7, 79, 829
What are the prime factors of 6896824?
2, 11, 181, 433
What are the prime factors of 1075763?
13, 83, 997
List the prime factors of 280104.
2, 3, 11, 1061
List the prime factors of 6953915.
5, 1390783
What are the prime factors of 1656330?
2, 3, 5, 13, 31, 137
What are the prime factors of 1590287?
709, 2243
List the prime factors of 583825.
5, 11, 193
What are the prime factors of 12806841?
3, 433, 9859
What are the prime factors of 12468576?
2, 3, 23, 5647
List the prime factors of 880168.
2, 269, 409
What are the prime factors of 465323?
193, 2411
List the prime factors of 20563292.
2, 31, 165833
What are the prime factors of 8040030?
2, 3, 5, 283, 947
List the prime factors of 18819770.
2, 5, 53, 35509
List the prime factors of 4561395.
3, 5, 71, 4283
What are the prime factors of 210315?
3, 5, 7, 2003
List the prime factors of 1095123.
3, 17, 109, 197
List the prime factors of 349897.
31, 11287
What are the prime factors of 6394916?
2, 11, 101, 1439
What are the prime factors of 2124466?
2, 19, 37, 1511
What are the prime factors of 1365877?
1365877
What are the prime factors of 1036773?
3, 19, 43, 47
List the prime factors of 414115.
5, 13, 23, 277
List the prime factors of 4147618.
2, 2073809
List the prime factors of 867549.
3, 71, 4073
List the prime factors of 870882.
2, 3, 173, 839
What are the prime factors of 781168?
2, 48823
List the prime factors of 285540.
2, 3, 5, 4759
What are the prime factors of 635960?
2, 5, 13, 1223
List the prime factors of 1438129.
7, 11, 19, 983
What are the prime factors of 411850?
2, 5, 8237
What are the prime factors of 401022?
2, 3, 22279
What are the prime factors of 361423?
73, 4951
List the prime factors of 31381.
7, 4483
What are the prime factors of 112765?
5, 19, 1187
What are the prime factors of 479059?
7, 68437
List the prime factors of 4763154.
2, 3, 11, 72169
List the prime factors of 1727665.
5, 345533
What are the prime factors of 3010567?
7, 430081
List the prime factors of 968744.
2, 7, 17299
List the prime factors of 225565.
5, 197, 229
List the prime factors of 929627.
929627
What are the prime factors of 7505883?
3, 7, 11, 10831
What are the prime factors of 638745?
3, 5, 97, 439
List the prime factors of 9132446.
2, 71, 73, 881
List the prime factors of 46402.
2, 23201
List the prime factors of 1494860.
2, 5, 41, 1823
List the prime factors of 808641.
3, 89849
List the prime factors of 2999363.
163, 18401
What are the prime factors of 529477?
13, 241
What are the prime factors of 772927?
359, 2153
List the prime factors of 6445110.
2, 3, 5, 7, 47, 653
What are the prime factors of 1388764?
2, 13, 17, 1571
What are the prime factors of 238508?
2, 59627
List the prime factors of 1885708.
2, 11, 17, 2521
What are the prime factors of 1212004?
2, 53, 5717
List the prime factors of 449915.
5, 89983
What are the prime factors of 720873?
3, 26699
List the prime factors of 136880.
2, 5, 29, 59
What are the prime factors of 8866242?
2, 3, 7, 11, 6397
List the prime factors of 299157.
3, 99719
What are the prime factors of 254564?
2, 23, 2767
What are the prime factors of 122653?
122653
What are the prime factors of 2885212?
2, 11, 23, 2851
List the prime factors of 728486.
2, 11, 33113
List the prime factors of 2458454.
2, 1229227
What are the prime factors of 486637?
486637
What are the prime factors of 1261953?
3, 7, 11, 607
What are the prime factors of 39052183?
23, 29, 58549
What are the prime factors of 103023?
3, 11447
List the prime factors of 120662.
2, 60331
What are the prime factors of 888098?
2, 19, 23371
List the prime factors of 2734392.
2, 3, 113933
List the prime factors of 145790.
2, 5, 61, 239
List the prime factors of 1212723.
3, 127, 1061
List the prime factors of 19137191.
223, 85817
What are the prime factors of 2720368?
2, 7, 107, 227
List the prime factors of 217795.
5, 43, 1013
What are the prime factors of 5547025?
5, 11, 23, 877
What are the prime factors of 7807511?
23, 14759
List the prime factors of 19174719.
3, 2003, 3191
List the prime factors of 6179951.
809, 7639
List the prime fa